is the tens digit of n(s)?
2
Let m = -14 - -17. Suppose -2*x + m*x - 43 = 2*w, -4*x = -4. What is the units digit of (-23)/(-3) - (-14)/w?
7
Suppose j = 3*k + 6*j - 132, -2*j - 88 = -2*k. What is the tens digit of k?
4
Suppose 3*x + 1903 = b + 3*b, -1423 = -3*b - 2*x. Suppose 380 = 4*m + 3*w - 2*w, 4*w - b = -5*m. What is the tens digit of m?
9
Suppose 5*n - 9 = -l + 3*n, -5*l + n - 10 = 0. Let y = -3 + l. What is the units digit of -2 + 7/(-2)*y?
2
Let l(r) = -r**2 + 5*r - 4. Let y be l(4). Suppose y*q - 2*q - 16 = 0. Let k(n) = -n**2 - 9*n + 4. What is the tens digit of k(q)?
1
Let u be ((-8)/(-6))/(3/9). Let l(i) be the first derivative of -2*i**3/3 + 11*i**2/2 - 5*i - 26. What is the units digit of l(u)?
7
Let b = 873 + 1751. What is the tens digit of b?
2
Let h(z) = -z**3 + 7*z**2 + 11*z + 2. Suppose 3*r - 5*v = 15 - 1, 0 = r - v - 6. Let c be h(r). Suppose -m = m - c. What is the tens digit of m?
1
Suppose 0 = 17*v - 73909 + 15667. What is the hundreds digit of v?
4
Suppose 0 = y + 4*y - 20. Suppose 8*n - 348 = y*n. What is the units digit of n?
7
Let p(w) = w**2 - 8*w + 9. Let y be p(7). Suppose -3*u + 4 = -y. Suppose -18 = -5*h + 3*h + u*m, -4*h + 31 = -3*m. What is the units digit of h?
4
Let m(l) = -l**3 - l**2 + l + 1. Let k be m(-2). Suppose 519 = -2*c + 525. Suppose 5*b = 4*g - 3*g + 44, k = c*g. What is the units digit of b?
9
Let j(o) = o**3 + 3*o**2 + 1. Let t be j(-3). Let b be (5 - t - 0) + 0. Suppose b*a - 57 - 115 = 0. What is the tens digit of a?
4
Suppose -3*f + 7*f = 2732. What is the units digit of f?
3
Let s be 2/4 - (-40)/16. Let p(w) = -5*w + s*w + 9*w. What is the tens digit of p(10)?
7
Let b = 6 - 1. Suppose b*y = -2*m + 20, 0 = -5*m - 0*y - y + 27. Suppose m*a = -2 + 22. What is the units digit of a?
4
Let v = -824 - -1457. What is the units digit of v?
3
Suppose 0 = 9*u - 6*u + 15. Let r = u - -33. Let j = r - 4. What is the tens digit of j?
2
Suppose -3*k - 2*c + 73 = 0, 0 = 4*k - k + 4*c - 71. Let x = k + -25. Suppose x = -3*m + 6*m - 123. What is the units digit of m?
1
Suppose -7*b + 2637 + 5742 = 0. What is the thousands digit of b?
1
Let r be (-60)/7 + 20/35. Suppose q + 9 = -d - d, -2*q - 15 = 3*d. What is the units digit of -2*q/r*-16?
2
Let g be 4194/12 - 3/(-2). Let z = g + -133. What is the hundreds digit of z?
2
Let m = 21 - 18. Suppose -460 = -7*f - m*f. What is the units digit of f?
6
Let h = 177 - -123. Let u = h - 211. What is the tens digit of u?
8
Suppose 0 = 5*l - 47 + 7. Let q(z) be the third derivative of z**4/24 + 7*z**3/6 - z**2. What is the tens digit of q(l)?
1
Suppose -11808 + 308 = -5*x. What is the thousands digit of x?
2
Suppose -4*y - 64 = 4*d, 2*d - 3*y = d - 8. Let m = d - -46. Let j = 69 - m. What is the units digit of j?
7
Suppose 5*m - 2*i = 14049, 0 = 20*m - 15*m + i - 14043. What is the units digit of m?
9
Let m = 433 - 449. Let r(u) = u**2 - 16*u + 8. Let n(g) = 2*g**2 - 15*g + 9. Let i(x) = -2*n(x) + 3*r(x). What is the units digit of i(m)?
8
Suppose -2*p = -4*x + 13 - 5, 4*x = p + 12. Suppose -156 = y - p*y. What is the tens digit of y?
5
Suppose 0 = -5*v + 9*v - 16. Suppose 0 = -v*u + u + 12. What is the units digit of u?
4
Let a = 24 + -20. Suppose -4*d + 6 = 2*q - 6, -a*q - 3*d = -24. Suppose -3*g = h - 141, -q*g + 188 = -2*g + 3*h. What is the units digit of g?
7
Suppose -3*b + 995 = -1066. What is the units digit of b?
7
Suppose -1527 - 4649 = -16*m. What is the units digit of m?
6
Suppose -7*d + 3 = -11. What is the tens digit of -22*(-34)/8*d?
8
What is the tens digit of -3 + (310 - (-12)/(-3))?
0
Let w(h) = -3*h + 69. Let f(j) = 8*j - 137. Let v(l) = 2*f(l) + 5*w(l). What is the units digit of v(-14)?
7
Let r = -28 + 76. Suppose 0 = 2*n - 2*v - 2*v - r, 0 = -4*n + 3*v + 106. What is the tens digit of n?
2
What is the tens digit of 32657/85 - (-12)/15?
8
Let m = -2412 - -2520. What is the units digit of m?
8
Let z be 5/(15/33) + -3. Suppose -2*r + 4*r - z = 0. Let f(l) = 14*l - 8. What is the tens digit of f(r)?
4
Suppose 11*f - 13726 = 2279. What is the hundreds digit of f?
4
Let q = -24 + 30. Let p = q - -13. What is the tens digit of p?
1
Let y(z) = -z**3 + 12*z**2 + 2*z - 11. Suppose -5*u + u = -5*j + 42, -2*u + 44 = 4*j. What is the hundreds digit of y(j)?
2
Let j be (3/(-2))/((-15)/(-80)). Let l = 4 + j. What is the units digit of (-3)/(l/(32/12))?
2
Let q(i) = -2*i**2 - 9*i. Let o be q(-4). Suppose o*k - 204 = -2*c, 3*c - 58 = -2*k + 264. What is the tens digit of c?
1
Suppose -1 + 9 = 4*l. Suppose 0 = -6*m + l*m + 224. Suppose 4*p = m + 32. What is the tens digit of p?
2
Suppose -2 - 3 = -3*d + 4*a, 5*d = -2*a - 35. What is the units digit of (2 - (0 - d)) + 17?
4
Let u = 74 + -45. Suppose -4*g + u - 1 = 0. What is the units digit of g*(24/(-28))/(-3)?
2
Suppose -3*q = 5*a - 536, a - 841 + 132 = -4*q. What is the units digit of q?
7
Suppose -231*o + 232*o - 650 = 0. What is the hundreds digit of o?
6
Let f(x) = 4 + 7*x - 5 + 4. Let k be f(2). Suppose o - k = 4*p, p = -3 - 1. What is the units digit of o?
1
Let t(u) = 4*u + 4. Let r(w) = 4*w - 6 - 2*w + 9 + 2*w. Let f(b) = -6*r(b) + 5*t(b). What is the tens digit of f(-6)?
2
Let w(v) = -v**2 + v - 11. Let u be w(-8). Let j = u + -39. Let t = -66 - j. What is the tens digit of t?
5
Let r be (2/(-6))/((-2)/30). Suppose -5*u = -14 - 16. Suppose 0 = u*v - v - r. What is the units digit of v?
1
Suppose 0 = -7*w + 5*w. Suppose 3*a = 2*r + 59, -a - 3*r + 38 = -w*r. What is the units digit of a?
3
Let x(b) = b**2 - b - 22. Let q be x(5). What is the units digit of 3/(-2) - q - 654/(-12)?
5
Let d be (-4 + -2)*(-478)/(-4). What is the tens digit of 2/6 - (0 - d/(-9))?
8
Let z = 5 + -9. Let h(j) = 2*j**2 - 4*j + 6. Let r be h(z). Let d = -27 + r. What is the tens digit of d?
2
Suppose 1 = -3*n - 3*g - 2, 0 = -g. Let j(v) = -10*v + 6 - 6. What is the tens digit of j(n)?
1
Let a(q) = -387*q - 280. What is the tens digit of a(-4)?
6
Suppose -5*l + 143 = -3*r + 4*r, 0 = 3*l + 2*r - 90. What is the units digit of l?
8
Suppose g - 1 = -2*i, -3*g + 2*i - 7 = 2*g. Let r(u) = -35*u + 27*u - 38*u. What is the tens digit of r(g)?
4
Let x(l) = -l**2 - 9*l + 15. Let c be x(-11). What is the tens digit of -4 - 26/c - (-340)/14?
2
Let i(w) = -2*w + 27. Let u be i(0). Let v = u - 25. Suppose 4*a - o = 2*o + 300, -a = v*o - 75. What is the units digit of a?
5
Suppose 2*l = -2*k + 4, 4*k = 3*l - 8 + 23. Let q be (-1 + k)*2086/28. Suppose -59 = -2*s + 4*c - 5*c, -q = -5*s - 4*c. What is the tens digit of s?
2
Suppose -k + 432 = -5*k. Let u be -1 + 6 + -66*1. Let t = u - k. What is the tens digit of t?
4
Suppose 0 = m - 4*l + 90, 2*l = -5*m + l - 408. Let c = -146 - -98. Let x = c - m. What is the units digit of x?
4
Let d(q) = 18*q**2 + 17*q + 9. What is the thousands digit of d(8)?
1
Let m be ((-20)/3)/(6/(-9)). Suppose m*t = 5*t + 80. Let q = 19 - t. What is the units digit of q?
3
Let y(p) = -p**3 - 3*p**2 + 6*p. Let d be y(-6). Suppose -s = 24 - d. What is the tens digit of s?
4
Let c(q) = -2*q + 5. Suppose d - 13 = -d - b, 3*d + 3*b - 24 = 0. Let x be c(d). Let l = -2 - x. What is the units digit of l?
3
Let j = 1005 - 376. What is the hundreds digit of j?
6
Let t = 1130 - 429. What is the hundreds digit of t?
7
Suppose 1749 = 4*r + 205. What is the hundreds digit of r?
3
Let s(n) = n**2 - 4*n + 2. Let r be s(8). Suppose d + 19 = 3*i, -r = 4*d + i + i. What is the units digit of d/20 - (-13)/2?
6
Let g = 8327 - 5166. What is the hundreds digit of g?
1
Suppose -4*w = -4*i + 12, -w - 30 = 3*w + 2*i. Let m be 56/(-42)*w/4. Suppose -4*j + 19 = x, j + 46 = 3*x + m*j. What is the units digit of x?
5
Let d be 2/(-50)*-5 - (-38)/10. Let b(z) = z**3 + 5*z**2 - 6*z - 1. What is the hundreds digit of b(d)?
1
Let n be (-5)/30 - 2/(-12). Suppose -5*z + 495 = -0*z + r, -z + r + 93 = n. What is the tens digit of z?
9
Let j(u) be the third derivative of -19*u**4/24 + 3*u**3/2 - 14*u**2. What is the units digit of j(-6)?
3
Suppose -274*u - 3896 = -278*u. What is the tens digit of u?
7
Let k = -883 - -2277. What is the thousands digit of k?
1
Suppose -2*x - 6 = -2*c - 3*x, x = -c + 5. What is the tens digit of (-2241)/(-18) + c/2?
2
Let c(s) = 2*s**2 + 10*s + 28. Let d be c(-7). Suppose -88 = 5*b - 5*p - 18, -58 = 4*b - 3*p. Let n = d + b. What is